{"id":1851,"date":"2014-02-13T20:31:13","date_gmt":"2014-02-13T20:31:13","guid":{"rendered":"http:\/\/sciences-unamur.be\/bio\/system-ecotox\/?page_id=1851"},"modified":"2021-05-17T18:03:50","modified_gmt":"2021-05-17T18:03:50","slug":"main-collaborations","status":"publish","type":"page","link":"https:\/\/sciences-unamur.be\/bio\/system-ecotox\/resources-2\/main-collaborations\/","title":{"rendered":"Main collaborations"},"content":{"rendered":"<p><a href=\"http:\/\/www.unamur.be\/sciences\/biologie\/urbc\" target=\"_blank\" rel=\"noopener\">Laboratory of Cellular Biochemistry and Biology (URBC)<\/a> \u2013 Prof. M. Raes<br \/>\nWe\u2019ve been collaborating with the URBC for 10 years. The URBC is a leader in proteomics analysis, mainly the 2D-DIGE approach. They have developped mass spectrometry facilities for protein identifications. This collaboration has led to many international scientific publications.<\/p>\n<p><a href=\"http:\/\/www.fundp.ac.be\/en\/sci\/chemistry\/ucpts\/page_view\/presentation.html\" target=\"_blank\" rel=\"noopener\">The Unit of Theoritical and Structural Physico-Chemistry (UCPTS)<\/a> \u2013 Prof. E. Perp\u00e8te and Prof. C. Michaux<br \/>\nWe\u2019ve been working together on a reasearch project funded by the FNRS aiming to develop a workflow from protein profile to structural properties of proteins in aquatic animals exposed to pollutants.<a href=\"http:\/\/www.sciences-unamur.be\/bio\/system-ecotox\/wp-content\/uploads\/2014\/02\/logo_UA_hor_kl_0.jpg\"><img loading=\"lazy\" decoding=\"async\" class=\"alignright wp-image-2098\" src=\"http:\/\/www.sciences-unamur.be\/bio\/system-ecotox\/wp-content\/uploads\/2014\/02\/logo_UA_hor_kl_0-300x96.jpg\" alt=\"logo_UA_hor_kl_0\" width=\"210\" height=\"67\" srcset=\"https:\/\/sciences-unamur.be\/bio\/system-ecotox\/wp-content\/uploads\/2014\/02\/logo_UA_hor_kl_0-300x96.jpg 300w, https:\/\/sciences-unamur.be\/bio\/system-ecotox\/wp-content\/uploads\/2014\/02\/logo_UA_hor_kl_0.jpg 480w\" sizes=\"auto, (max-width: 210px) 100vw, 210px\" \/><\/a><a href=\"http:\/\/www.sphere.be\/\" target=\"_blank\" rel=\"noopener\">SPHERE Systemic Physiological &amp; Ecotoxicological Research<\/a> (University of Antwerp). Prof. R. Blust, D. Knapen and S. Husson.<br \/>\nThe group Systemic Physiological and Ecotoxicological Research of the University of Antwerp, Belgium, performs fundamental and applied research concerning key issues in environmental and adaptational biology. SPHERE focuses on how organisms respond to environmental changes, and does so at multiple levels of organization: from the molecular level (including genomics, proteomics and metabolomics), over the organismal level to responses of populations in real field situations.<\/p>\n<p><a href=\"http:\/\/www.sciences-unamur.be\/bio\/system-ecotox\/wp-content\/uploads\/2014\/02\/logo_ugent_fbw.jpg\"><img loading=\"lazy\" decoding=\"async\" class=\"alignright wp-image-2101\" src=\"http:\/\/www.sciences-unamur.be\/bio\/system-ecotox\/wp-content\/uploads\/2014\/02\/logo_ugent_fbw.jpg\" alt=\"logo_ugent_fbw\" width=\"126\" height=\"149\" \/><\/a><a href=\"http:\/\/www.milieutox.ugent.be\/\" target=\"_blank\" rel=\"noopener\">Laboratory for Environmental Toxicology and Aquatic Ecology<\/a> (University of Gent). Prof. C. Janssen and Prof. K. De Schamphelaere.<br \/>\nThe laboratory aims to address the \u2018extrapolation problems\u2019 &#8211; in the aquatic environment <em>sensu lato<\/em> &#8211; one encounters when assessing ecological risk based on results from laboratory bioassays with single species. The bulk of the available bioassays typically consider effects of aqueous exposure of single data-rich stressors on one generation of one well-characterized species in a standardized test medium. In reality, however, subsequent generations of field populations are exposed via various uptake routes to complex mixtures of multiple (emerging and thus data-scarce) stressors, potentially exerting (toxic) stress constrained by their bioavailability in the natural water body. Unlike the organisms used in laboratory tests, exposed individuals may have different genetic architecture even when belonging to the same species. Lastly, species do not live in isolation, as is the case in single-species toxicity bioassays, but take part in natural food webs to sustain ecosystem functions and services.<\/p>\n<p style=\"text-align: left;\" align=\"justify\"><a href=\"http:\/\/www.sciences-unamur.be\/bio\/system-ecotox\/wp-content\/uploads\/2014\/02\/ULG-logo.jpg\"><img loading=\"lazy\" decoding=\"async\" class=\"alignright size-full wp-image-2105\" src=\"http:\/\/www.sciences-unamur.be\/bio\/system-ecotox\/wp-content\/uploads\/2014\/02\/ULG-logo.jpg\" alt=\"ULG logo\" width=\"152\" height=\"111\" srcset=\"https:\/\/sciences-unamur.be\/bio\/system-ecotox\/wp-content\/uploads\/2014\/02\/ULG-logo.jpg 152w, https:\/\/sciences-unamur.be\/bio\/system-ecotox\/wp-content\/uploads\/2014\/02\/ULG-logo-150x111.jpg 150w\" sizes=\"auto, (max-width: 152px) 100vw, 152px\" \/><\/a><a href=\"http:\/\/www2.ulg.ac.be\/oceanbio\/\" target=\"_blank\" rel=\"noopener\">The Laboratory of Oceanology (University of Li\u00e8ge) <\/a>\u2013 Dr. K. Das and Prof. J.-M. Bouquegneau.<br \/>\nThe objective oof the lab is to study and compare, in marine fish, turtles, birds and mammals, their biochemical and physiological responses facing pollutants (metals and organic persistent pollutants). The success of this study relies on the realization of three complementary parts: (1) to evaluate the influence of the diet and key periods of life (fasting, gestation, nursing, migration, moulting, spawning) on organic and metallic pollutant levels in marine vertebrates (fish, turtles, birds and mammals); (2) to elaborate <em>in vivo<\/em> and <em>in vitro<\/em> models for the four taxa to better understand the toxicity mechanisms and the effects of chronic exposure reflecting environmental levels ; (3) to develop so called \u201c<em>physiological-based models<\/em>\u201d to predict and facilitate toxicological risk assessment in marine vertebrates.<\/p>\n<p style=\"text-align: left;\" align=\"justify\"><a href=\"http:\/\/www.etho.ulg.ac.be\/labo\/home.html\" target=\"_blank\" rel=\"noopener\">The Behavioral Biology Unit<\/a> (University of Li\u00e8ge) \u2013 Dr. M. Deno\u00ebl and Prof. P. Poncin.<br \/>\n<span style=\"font-family: Arial,Helvetica,sans-serif;\"> The unit investigates the behavioural ecology of Vertebrates in natural and experimental environments through the study of social structures, mating tactics, communication systems, biological rhythms, space utilisation and population dynamics. Ultimately, we aim at characterising the ontogeny and plasticity of behaviours, their adaptive values for the individuals, populations and species, which intimately govern the evolution and biological diversity of animals. <\/span><\/p>\n<p style=\"text-align: left;\" align=\"justify\"><a href=\"http:\/\/www.sciences-unamur.be\/bio\/system-ecotox\/wp-content\/uploads\/2014\/02\/Logo_UCL.jpg\"><img loading=\"lazy\" decoding=\"async\" class=\"alignright wp-image-2106\" src=\"http:\/\/www.sciences-unamur.be\/bio\/system-ecotox\/wp-content\/uploads\/2014\/02\/Logo_UCL-300x224.jpg\" alt=\"Logo_UCL\" width=\"180\" height=\"134\" srcset=\"https:\/\/sciences-unamur.be\/bio\/system-ecotox\/wp-content\/uploads\/2014\/02\/Logo_UCL-300x224.jpg 300w, https:\/\/sciences-unamur.be\/bio\/system-ecotox\/wp-content\/uploads\/2014\/02\/Logo_UCL-1024x767.jpg 1024w, https:\/\/sciences-unamur.be\/bio\/system-ecotox\/wp-content\/uploads\/2014\/02\/Logo_UCL.jpg 1181w\" sizes=\"auto, (max-width: 180px) 100vw, 180px\" \/><\/a><a href=\"http:\/\/www.uclouvain.be\/en-isv.html\" target=\"_blank\" rel=\"noopener\">The Institute of Life Sciences<\/a> (Catholic University of Louvain) \u2013 Pr. J-F. Rees, Pr. C. Debier, Pr. Y. Larondelle<\/p>\n<p><a href=\"http:\/\/www.sciences-unamur.be\/bio\/system-ecotox\/wp-content\/uploads\/2014\/02\/KultzLab_Logo.gif\"><img loading=\"lazy\" decoding=\"async\" class=\"alignright size-full wp-image-2263\" src=\"http:\/\/www.sciences-unamur.be\/bio\/system-ecotox\/wp-content\/uploads\/2014\/02\/KultzLab_Logo.gif\" alt=\"KultzLab_Logo\" width=\"144\" height=\"52\" \/><\/a><a href=\"https:\/\/kueltzlab.ucdavis.edu\/\" target=\"_blank\" rel=\"noopener\">K\u00fceltz Laboratory<\/a> (University of California Davis, USA) \u2013 Pr. D. K\u00fceltz<br \/>\nProf. K\u00fceltz is a top leader in the field of environmental proteomics. K\u00fceltz\u2019s laboratory is part of the department of Animal Science at the University of California Davis and we\u2019ve been collaborating with him since 2008. His research interests are the molecular and genetic basis of environmental stress response in aquatic organisms with an emphasis on salinity and pollution stress tolerance. Prof. K\u00fceltz has recently developed a workflow of gel-free and label-free quantitative proteomics in aquatic organisms based on accurate mass and time tag quantitation of extracted ion chromatogram integrals. He is the world leading scientist in this domain. Prof. K\u00fceltz published many scientific articles with high impact factors. He for instance published an article in Science in 2011 in collaboration with an international team on the ecoresponsive response of Daphnia genome. He was also the first to define a general stress response in fish on the basis of proteomics data.<\/p>\n<p><a href=\"http:\/\/www.sciences-unamur.be\/bio\/system-ecotox\/wp-content\/uploads\/2014\/02\/Alabama.jpg\"><img loading=\"lazy\" decoding=\"async\" class=\"alignright wp-image-2093\" src=\"http:\/\/www.sciences-unamur.be\/bio\/system-ecotox\/wp-content\/uploads\/2014\/02\/Alabama.jpg\" alt=\"Alabama\" width=\"128\" height=\"142\" \/><\/a><a href=\"http:\/\/bama.ua.edu\/~rlearley\/index.html\" target=\"_blank\" rel=\"noopener\">Earley Laboratory<\/a> (University of Alabama, USA). Prof. R. Earley.<br \/>\nEarley lab focuses on understanding fish behavior by integrating evolutionary biology, ecology, neurobiology, endocrinology, physiology and molecular biology. Prof. Earley is a specialist of the mangrove rivulus. He has set up the rearing of different strains of the species in the lab and has currently several publications on this species. He has all the facilities to carry out experiments on rivulus of different age, to measure life-history traits and he has developed the methodology to analyse waterborne hormones released from rivulus. Moreover, he is one of the world specialist in behavioral analysis in fish and rivulus, such as behavioral type variation. He developed expertise for physiological analysis such as respiration, and for molecular biology since he participates to the rivulus genome sequencing project.<\/p>\n<p><a href=\"http:\/\/www.sciences-unamur.be\/bio\/system-ecotox\/wp-content\/uploads\/2014\/02\/logo-klerks.jpg\"><img loading=\"lazy\" decoding=\"async\" class=\"alignright wp-image-2264\" src=\"http:\/\/www.sciences-unamur.be\/bio\/system-ecotox\/wp-content\/uploads\/2014\/02\/logo-klerks.jpg\" alt=\"logo klerks\" width=\"148\" height=\"157\" \/><\/a><a href=\"http:\/\/www.ulecology.com\/Klerks\" target=\"_blank\" rel=\"noopener\">Klerks Laboratory<\/a> (University of Louisiana Lafayette, USA) \u2013 Pr. P. Klerks<br \/>\nLong-term effects of environmental contaminants and other stressors on natural aquatic ecosystems.<\/p>\n<ul>\n<li>The development of resistance to environmental stressors in aquatic organisms.<\/li>\n<li>Consequences (physiological, fitness, genetic variation) of adaptation to environmental stressors.<\/li>\n<li>The potential for natural populations to adapt to global warming.<\/li>\n<li>The effect of exotic species in their new habitat, specifically their effect on the environmental fate of contaminants<\/li>\n<li>The interplay between benthic organisms and the behavior of environmental contaminants.<\/li>\n<\/ul>\n<p><a href=\"http:&#47;\/&#x77;w&#x77;.&#x73;c&#x69;e&#x6e;c&#x65;s&#x2d;u&#x6e;a&#x6d;&#117;&#x72;&#46;&#x62;&#101;&#x2f;&#98;i&#x6f;\/&#x73;y&#x73;t&#x65;m&#x2d;e&#x63;o&#x74;o&#x78;\/&#x77;&#112;&#x2d;&#99;&#x6f;&#110;&#x74;&#101;n&#x74;\/&#x75;p&#x6c;o&#x61;d&#x73;\/&#x32;0&#x31;6&#x2f;0&#x34;&#47;&#x6c;&#111;&#x67;&#111;&#x40;&#50;x&#x2e;p&#x6e;g\"><img loading=\"lazy\" decoding=\"async\" class=\"alignright wp-image-2264\" src=\"http:\/\/&#119;&#x77;&#x77;.sc&#105;&#x65;&#x6e;ces&#45;&#x75;&#x6e;am&#117;&#x72;&#x2e;&#x62;e\/&#98;&#x69;&#x6f;&#x2f;sy&#115;&#x74;&#x65;&#x6d;-e&#99;&#x6f;&#x74;&#x6f;x\/&#119;&#x70;&#x2d;&#x63;on&#116;&#x65;&#x6e;t\/u&#112;&#x6c;&#x6f;ads&#47;&#x32;&#x30;16\/&#x30;&#x34;&#x2f;lo&#103;&#x6f;&#x40;&#x32;x.&#112;&#x6e;&#x67;\" alt=\"logo klerks\" width=\"148\" height=\"157\" \/><\/a><a href=\"http:\/\/www.otago.ac.nz\/healthsciences\/expertise\/profile\/?id=1735\" target=\"_blank\" rel=\"noopener\">Division of Health Science<\/a> (University of Otago, New-Zealand) \u2013 Dr. A. Chatterjee<br \/>\nEpigenetic events in disease and phenotype<\/p>\n<ul>\n<li>Documenting epigenetic alterations (DNA methylation and miRNA) in cancer progression (primary to metastasis) and testing the functional consequences of these changes in the laboratory ; continue to develop tools and statistical methods for accurate analysis of epigenomic datasets from next generation sequencing technologies (NGS) ; Profiling inter-individual epigenetic variation in humans ; Using zebrafish as a model to understand the role of DNA methylation in development and altered phenotype when exposed to environmental cue.<\/li>\n<\/ul>\n<p><a href=\"http:\/\/www.sciences-unamur.be\/bio\/system-ecotox\/wp-content\/uploads\/2014\/02\/ucdavis_logo.gif\"><img loading=\"lazy\" decoding=\"async\" class=\"alignright wp-image-2096\" src=\"http:\/\/www.sciences-unamur.be\/bio\/system-ecotox\/wp-content\/uploads\/2014\/02\/ucdavis_logo.gif\" alt=\"ucdavis_logo\" width=\"187\" height=\"48\" \/><\/a><a href=\"http:\/\/sihlab.wordpress.com\/\" target=\"_blank\" rel=\"noopener\">Sih laboratory<\/a> (University of California Davis, USA). Prof. A. Sih.<br \/>\nBehavioral syndrome, behavioral responses to HIREC, antipredator behavior in human-altered environments, invasion ecology, predator-prey space use as an interactive game, parasites.<\/p>\n<p><a href=\"http:\/\/www.sciences-unamur.be\/bio\/system-ecotox\/wp-content\/uploads\/2014\/02\/um1_logo2011.jpg\"><img loading=\"lazy\" decoding=\"async\" class=\"alignright size-full wp-image-2111\" src=\"http:\/\/www.sciences-unamur.be\/bio\/system-ecotox\/wp-content\/uploads\/2014\/02\/um1_logo2011.jpg\" alt=\"um1_logo2011\" width=\"146\" height=\"80\" \/><\/a><a href=\"http:\/\/www.ecosym.univ-montp2.fr\/index.php?option=com_content&amp;task=blogcategory&amp;id=6&amp;Itemid=8\" target=\"_blank\" rel=\"noopener\">Ecophysiological adaptations of aquatic animals during ontogenesis (AEO)<\/a> (ECOSYM, University of Montpellier, France). Prof. J.-H. Lignot and Prof. G. Parmentier.<br \/>\n<em>Le trait fonctionnel \u00e9tudi\u00e9 en priorit\u00e9 est l\u2019adaptation \u00e0 la salinit\u00e9 via l\u2019osmor\u00e9gulation. Les interrelations avec la nutrition sont envisag\u00e9es. Les m\u00e9canismes d\u2019adaptation et l\u2019impact qu\u2019ont sur eux les contaminants abiotiques sont \u00e9tudi\u00e9s dans une approche int\u00e9grative d\u2019\u00e9cophysiologie et d\u2019\u00e9cotoxicologie, particuli\u00e8rement durant les stades ontog\u00e9n\u00e9tiques jeunes.<\/em><\/p>\n<p>&nbsp;<\/p>\n<div style=\"margin: 20px 0;\"><div class=\"qrcswholewtapper\" style=\"text-align:center;\"><div class=\"qrcprowrapper\"  id=\"qrcwraa2leds\"><div class=\"qrc_canvass\" id=\"qrc_cuttenpages_2\" style=\"display:inline-block\" data-text=\"https:\/\/sciences-unamur.be\/bio\/system-ecotox\/resources-2\/main-collaborations\/\"><\/div><div><a download=\"Main collaborations.png\" class=\"qrcdownloads\" id=\"worign\">\r\n           <button type=\"button\" style=\"min-width:150px;background:#44d813;color:#000;font-weight: 600;border: 1px solid #44d813;border-radius:20px;font-size:12px;padding: 6px 0;\" class=\"uqr_code_btn\">Download QR<\/button>\r\n           <\/a><\/div><\/div><\/div><\/div>","protected":false},"excerpt":{"rendered":"<p>Laboratory of Cellular Biochemistry and Biology (URBC) \u2013 Prof. M. Raes We\u2019ve been collaborating with the URBC for 10 years. The URBC is a leader in proteomics analysis, mainly the 2D-DIGE approach. They have developped mass spectrometry facilities for protein identifications. This collaboration has led to many international scientific publications. The Unit of Theoritical and&#8230;<\/p>\n","protected":false},"author":1,"featured_media":0,"parent":1871,"menu_order":0,"comment_status":"closed","ping_status":"closed","template":"","meta":{"_monsterinsights_skip_tracking":false,"_monsterinsights_sitenote_active":false,"_monsterinsights_sitenote_note":"","_monsterinsights_sitenote_category":0,"footnotes":""},"class_list":["post-1851","page","type-page","status-publish","hentry"],"_links":{"self":[{"href":"https:\/\/sciences-unamur.be\/bio\/system-ecotox\/wp-json\/wp\/v2\/pages\/1851","targetHints":{"allow":["GET"]}}],"collection":[{"href":"https:\/\/sciences-unamur.be\/bio\/system-ecotox\/wp-json\/wp\/v2\/pages"}],"about":[{"href":"https:\/\/sciences-unamur.be\/bio\/system-ecotox\/wp-json\/wp\/v2\/types\/page"}],"author":[{"embeddable":true,"href":"https:\/\/sciences-unamur.be\/bio\/system-ecotox\/wp-json\/wp\/v2\/users\/1"}],"replies":[{"embeddable":true,"href":"https:\/\/sciences-unamur.be\/bio\/system-ecotox\/wp-json\/wp\/v2\/comments?post=1851"}],"version-history":[{"count":32,"href":"https:\/\/sciences-unamur.be\/bio\/system-ecotox\/wp-json\/wp\/v2\/pages\/1851\/revisions"}],"predecessor-version":[{"id":3614,"href":"https:\/\/sciences-unamur.be\/bio\/system-ecotox\/wp-json\/wp\/v2\/pages\/1851\/revisions\/3614"}],"up":[{"embeddable":true,"href":"https:\/\/sciences-unamur.be\/bio\/system-ecotox\/wp-json\/wp\/v2\/pages\/1871"}],"wp:attachment":[{"href":"https:\/\/sciences-unamur.be\/bio\/system-ecotox\/wp-json\/wp\/v2\/media?parent=1851"}],"curies":[{"name":"wp","href":"https:\/\/api.w.org\/{rel}","templated":true}]}}