{"id":3347,"date":"2018-12-18T20:34:16","date_gmt":"2018-12-18T20:34:16","guid":{"rendered":"http:\/\/www.sciences-unamur.be\/bio\/system-ecotox\/?page_id=3347"},"modified":"2023-05-03T12:37:13","modified_gmt":"2023-05-03T12:37:13","slug":"alumni","status":"publish","type":"page","link":"https:\/\/sciences-unamur.be\/bio\/system-ecotox\/alumni\/","title":{"rendered":"Alumni"},"content":{"rendered":"<div id=\"pl-3347\"  class=\"panel-layout\" ><div id=\"pg-3347-0\"  class=\"panel-grid panel-no-style\" ><div id=\"pgc-3347-0-0\"  class=\"panel-grid-cell\" ><div id=\"panel-3347-0-0-0\" class=\"so-panel widget widget_text panel-first-child\" data-index=\"0\" ><h3 class=\"widget-title\">PhD and post-docs<\/h3>\t\t\t<div class=\"textwidget\"><ul>\n<li><strong>Valentine Chapelle<\/strong>, PhD<br \/>\nPhD student between 2018 and 2023, FNRS<\/li>\n<li><strong>Anthony Mathiron<\/strong>, PhD<br \/>\nPost-doc researcher between 2021 and 2023, Fyssen Foundation<\/li>\n<li><strong>Antoine Wittorski<\/strong><br \/>\nTeaching assistant between 2016 and 2023<\/li>\n<li><strong>Alessandra Carion<\/strong>, PhD<br \/>\nPhD student between 2015 and 2019, FNRS<br \/>\nCharacterization of the brain molecular bases of personalities and assessment of their developmental plasticity in response to environmental stressors using an emerging model fish species, the mangrove rivulus, Kryptolebias-marmoratus.<\/li>\n<li><strong>Sonia Gaaied<\/strong>, PhD<br \/>\nPost-doc reseracher 3 months in 2019, BWI grant<\/li>\n<li><strong>Alexandre Fellous<\/strong>, PhD<br \/>\nPost-doc researcher between 2014 and 2017, FNRS<\/li>\n<li><strong>Victoria Suarez Ulloa<\/strong>, PhD<br \/>\nPost-doc researcher between 2017 and 2018, FNRS<\/li>\n<li><strong>Anne-Sophie Voisin<\/strong>, PhD<br \/>\nPhD student between 2013 and 2018, FNRS<br \/>\nDelayed effects of early-life exposure to 17a-ethinylestradiol on the DNA methylation landscape, proteome and physiology of the self-fertilizing mangrove rivulus Kryptolebias marmoratus.<\/li>\n<li><strong>Elodie Falisse<\/strong>, PhD<br \/>\nTeaching assistant between 2011 and 2017<br \/>\nZebrafish exposure to triclosan during early life stages: immediate and delayed effects.<\/li>\n<li><strong>Jennifer Dorts<\/strong>, PhD<br \/>\nPost-doc researcher between 2014 and 2016, Belspo<\/li>\n<\/ul>\n<\/div>\n\t\t<\/div><div id=\"panel-3347-0-0-1\" class=\"so-panel widget widget_text panel-last-child\" data-index=\"1\" ><h3 class=\"widget-title\">Graduate students<\/h3>\t\t\t<div class=\"textwidget\"><ul>\n<li><strong>Eva Minocci<\/strong> 2022 (Master BOE)<br \/>\nSocial context and chemical stress: investigating impacts on aging and reproduction in the turquoise killifish Nothobranchius furzeri.<\/li>\n<li><strong>Ga\u00ebl Fassiau<\/strong> 2022 (Master BOE)<br \/>\nColoration impacts sexual behavior through dominance without any color preferences in the short-living fish Nothobranchius furzeri.<\/li>\n<li><strong>No\u00e9mie Madarasz<\/strong> 2022 (Master BOE)<br \/>\nEpigenetic and behavioural variability in an isogenic lineage of Kryptolebias marmoratus during domestication under stable laboratory condition.<\/li>\n<li><strong>Isabelle Chevalme<\/strong> 2022 (Master Lille)<br \/>\nInvestigating the early effects of the neurotoxic compound permethrin on behavior, learning abilities and associated molecular mechanisms in the mangrove rivulus Kryptolebias marmoratus.<\/li>\n<li><strong>C\u00e9dric Ntemunyi Ntata<\/strong> 2022 (Master GERAA)<br \/>\nEffet d\u2019une exposition pr\u00e9coce \u00e0 la perm\u00e9thrine sur la reproduction de Nothobranchius furzeri Jubb, 1971<\/li>\n<li><strong>Arnold Landry Fotseu Kouam<\/strong> 2022 (Master GERAA)<br \/>\nExposition pr\u00e9coce DES Embryons du rivulus des mangroves a la permethrine, un pyr\u00e9thro\u00efde neurotoxique : effets sur les traits ph\u00e9notypiques.<\/li>\n<li><strong>Tiana Renard<\/strong> 2021 (Master BOE)<br \/>\nImpact of low temperature during embryonic development on the sex determination and de novo DNA methyltransferases in the androdiecious fish Kryptolebias marmoratus.<\/li>\n<li><strong>Jude Kifufu Gafidji Fidji<\/strong> 2021 (Master GERAA)<br \/>\nInduction hormonale du frai chez le rivulus des mangroves (Kryptolebias marmoratus)<\/li>\n<li><strong>Thomas Deom<\/strong> 2021 (Master BOE)<br \/>\nImmediate and delayed effects of methylmercury exposure on behavior and gene expression of mangrove rivulus fish (Kryptolebias marmoratus).<\/li>\n<li><strong>Simon Van Den Broucke<\/strong> 2021 (Master BOE)<br \/>\n\u00c9tude de l&#8217;impact \u00e0 court et \u00e0 long terme des pyr\u00e9thrino\u00efdes sur une exposition aux stades pr\u00e9coces du killifish turquoise (Nothobranchius furzeri) : approches comportementales et mol\u00e9culaires.<\/li>\n<li><strong>Gil Gallego<\/strong> 2021 (Master BOE)<br \/>\nA Study of early and delayed effects of permethrin, a neurotoxic pesticide, on phenotypic traits of the mangrove killifish Kryptolebias marmoratus.<\/li>\n<li><strong>Mathilde Delacoux<\/strong> 2020 (Master BOE)<br \/>\nVariabilit\u00e9 dans les capacit\u00e9s d\u2019apprentissage, et lien avec la personnalit\u00e9 et les m\u00e9canismes\u0301 epig\u00e9n\u00e9tiques chez le rivulus des mangroves (Kryptolebias marmoratus).<\/li>\n<li><strong>Aur\u00e9lien Boulez<\/strong> 2021 (Master BOE)<br \/>\nEtude de l\u2019agressivit\u00e9 et de l\u2019expression\/m\u00e9thylation de g\u00e8nes du TLR pathway lors du vieillissement du killifish turquoise (Nothobranchius furzeri).<\/li>\n<li><strong>Emma Wauthier<\/strong> 2019 (Master BOE)<br \/>\nEffets imm\u00e9diats et retard\u00e9s de l\u2019exposition \u00e0 la neurotoxine \u03b2-N-m\u00e9thylamino-L-alanine (BMAA) durant le d\u00e9veloppement du killifish des mangroves (Kryptolebias marmoratus) sur les traits de croissance, le comportement et la m\u00e9thylation de l\u2019ADN.<\/li>\n<li><strong>Meggie Carte<\/strong> 2019 (Master BOE)<br \/>\nEtude \u00e9cotoxicologique des effets neurotoxiques de la br\u00e9v\u00e9toxine 3 associ\u00e9s aux blooms algaux nocifs sur le killifish des mangroves (Kryptolebias marmoratus).<\/li>\n<li><strong>Aur\u00e9lien Henet<\/strong> 2019 (Master BOE)<br \/>\nCaract\u00e9risation \u00e9pig\u00e9n\u00e9tique et ph\u00e9notypique du vieillissement chez Nothobranchius furzeri, le Killifish turquoise.<\/li>\n<li><strong>Enaud Jean-Pierre<\/strong> 2019 (Master GERAA)<br \/>\nCaract\u00e9risation ph\u00e9notypique du killifish turquoise au cours de son cycle de vie: morphologie, comportement, respirom\u00e9trie.<\/li>\n<li><strong>Jessica Hody<\/strong> 2018 (Master BOE)<br \/>\nNothobranchius furzeri : \u00e9levage, m\u00e9thylation d\u00e9 l\u2019ADN \u00e9t analys\u00e9 bioinformatique. Etude pr\u00e9liminaire \u00e0 une approche \u00e9pig\u00e9n\u00e9tique.<\/li>\n<li><strong>Nicolas Laurent<\/strong> 2018 (Master BOE)<br \/>\nAnalyse des profils d&#8217;expression prot\u00e9ique li\u00e9s aux traits comportementaux d&#8217;audace et d&#8217;agressivit\u00e9 chez le rivulus des mangroves (Kryptolebias marmoratus) et expression de g\u00e8nes d&#8217;int\u00e9r\u00eat.<\/li>\n<li><strong>Virgilio Goujon<\/strong> 2018 (Master BOE)<br \/>\nVariabilit\u00e9 \u00e9pig\u00e9n\u00e9tique chez le vert\u00e9br\u00e9 \u00e0 autof\u00e9condation, Kryptolebias marmoratus.<\/li>\n<li><strong>Ang\u00e8le Markey<\/strong> 2018 (Master BOE)<br \/>\nEtude de l\u2019effet retard\u00e9 de l\u2019exposition \u00e0 la neurotoxine \u03b2-N-m\u00e9thylamino-L-alanine (BMAA) durant le d\u00e9veloppement pr\u00e9coce du Kryptolebias<br \/>\nmarmoratus sur les traits comportementaux d\u2019audace et d\u2019agressivit\u00e9 chez l\u2019adulte<\/li>\n<li><strong>Julie Hetru<\/strong> 2018 (Master Le Mans)<br \/>\nEffets directs d\u2019une neurotoxine sur le d\u00e9veloppement larvaire du rivulus des mangroves (Kryptolebias marmoratus).<\/li>\n<li><strong>Audrey Massart<\/strong> 2017 (Master BOE)<br \/>\nEffets transg\u00e9n\u00e9rationnels d\u2019une exposition au 17\u03b1-\u00e9thinylestradiol pendant les stades pr\u00e9coces du d\u00e9veloppement du rivulus des mangroves, Kryptolebias marmoratus.<\/li>\n<li><strong>Valentine Chapelle<\/strong> 2017 (Master BOE)<br \/>\nETUDE DES TRAITS COMPORTEMENTAUX D\u2019AUDACE ET D\u2019AGRESSIVITE, DE LEUR HERITABILITE ET ANALYSE DE L\u2019EXPRESSION RELATIVE DE GENES IMPLIQUES DANS CES TRAITS CHEZ LE RIVULUS DES MANGROVES KRYPTOLEBIAS MARMORATUS.<\/li>\n<li><strong>Mathilde Collinet<\/strong> 2017 (Master BOE)<br \/>\nEtude de la m\u00e9moire chez le rivulus des mangroves Kryptolebias marmoratus via l\u2019utilisation des tests comportementaux.<\/li>\n<li><strong>Hugo Petry<\/strong> 2017 (Master BOE)<br \/>\nImpacts de la temp\u00e9rature chez le killifish des mangroves, Kryptolebias marmoratus, durant le reprogramming \u00e9pig\u00e9n\u00e9tique.<\/li>\n<li><strong>Lora Denies<\/strong> 2017 (Master BOE)<br \/>\nEFFETS INTERG\u00c9N\u00c9RATIONNELS D&#8217;UNE EXPOSITION COMBIN\u00c9E AU CUIVRE ET \u00c0 UN STRESS THERMIQUE CHEZ LE POISSON Z\u00c8BRE : APPROCHES MOL\u00c9CULAIRES ET COMPORTEMENTALES.<\/li>\n<li><strong>Toa Avalos Cascante<\/strong> 2016 (Master BOE)<br \/>\nEffets de la salinit\u00e9 sur la plasticit\u00e9 d\u00e9veloppementale chez le Rivulus des mangroves (Kryptolebias marmoratus): int\u00e9gration d\u2019approches comportementale, physiologique et \u00e9pig\u00e9n\u00e9tique.<\/li>\n<li><strong>Morgane Van Antro<\/strong> 2016 (Master BOE)<br \/>\nEffects of Early-Life and Continuous Exposure to 17-\u03b1-ethinylestradiol on the Life-History and Related Gene Expression of the Mangrove Rivulus, Kryptolebias marmoratus.<\/li>\n<li><strong>Laury Lescat<\/strong> 2016 (Master Agro Campus Ouest)<br \/>\nCaract\u00e9risation mol\u00e9culaire des ADNs m\u00e9thyltransf\u00e9rases chez le rivulus des mangroves Kryptolebias marmoratus et \u00e9tude du r\u00f4le fonctionnel de la m\u00e9thylation de l\u2019ADN.<\/li>\n<li><strong>Tiphaine Labed-Veydert<\/strong> 2015 (Master UPMC Paris)<\/li>\n<li><strong>Maxime Moyano<\/strong> 2015<\/li>\n<li><strong>Adeline Hosselet<\/strong> 2014<\/li>\n<li><strong>M\u00e9lodie Locrel<\/strong> 2014<\/li>\n<li><strong>Emilie Schoof<\/strong> 2014<\/li>\n<li><strong>Alessandra Carion<\/strong> 2013<\/li>\n<li><strong>Quentin Dhondt<\/strong> 2013<\/li>\n<li><strong>Alexandre Bayard<\/strong> 2013<\/li>\n<li><strong>Leonor Almeida<\/strong> 2013<\/li>\n<li><strong>Anne-Sophie Voisin<\/strong> 2012<\/li>\n<li><strong>Antoine Dubois<\/strong> 2011<\/li>\n<\/ul>\n<\/div>\n\t\t<\/div><\/div><\/div><\/div>","protected":false},"excerpt":{"rendered":"<p>Valentine Chapelle, PhD PhD student between 2018 and 2023, FNRS Anthony Mathiron, PhD Post-doc researcher between 2021 and 2023, Fyssen Foundation Antoine Wittorski Teaching assistant between 2016 and 2023 Alessandra Carion, PhD PhD student between 2015 and 2019, FNRS Characterization of the brain molecular bases of personalities and assessment of their developmental plasticity in response&#8230;<\/p>\n","protected":false},"author":1,"featured_media":0,"parent":0,"menu_order":0,"comment_status":"closed","ping_status":"closed","template":"","meta":{"_monsterinsights_skip_tracking":false,"_monsterinsights_sitenote_active":false,"_monsterinsights_sitenote_note":"","_monsterinsights_sitenote_category":0,"footnotes":""},"class_list":["post-3347","page","type-page","status-publish","hentry"],"_links":{"self":[{"href":"https:\/\/sciences-unamur.be\/bio\/system-ecotox\/wp-json\/wp\/v2\/pages\/3347","targetHints":{"allow":["GET"]}}],"collection":[{"href":"https:\/\/sciences-unamur.be\/bio\/system-ecotox\/wp-json\/wp\/v2\/pages"}],"about":[{"href":"https:\/\/sciences-unamur.be\/bio\/system-ecotox\/wp-json\/wp\/v2\/types\/page"}],"author":[{"embeddable":true,"href":"https:\/\/sciences-unamur.be\/bio\/system-ecotox\/wp-json\/wp\/v2\/users\/1"}],"replies":[{"embeddable":true,"href":"https:\/\/sciences-unamur.be\/bio\/system-ecotox\/wp-json\/wp\/v2\/comments?post=3347"}],"version-history":[{"count":14,"href":"https:\/\/sciences-unamur.be\/bio\/system-ecotox\/wp-json\/wp\/v2\/pages\/3347\/revisions"}],"predecessor-version":[{"id":3789,"href":"https:\/\/sciences-unamur.be\/bio\/system-ecotox\/wp-json\/wp\/v2\/pages\/3347\/revisions\/3789"}],"wp:attachment":[{"href":"https:\/\/sciences-unamur.be\/bio\/system-ecotox\/wp-json\/wp\/v2\/media?parent=3347"}],"curies":[{"name":"wp","href":"https:\/\/api.w.org\/{rel}","templated":true}]}}